and r?
17
Let a be (-40)/460 + 2440/23. What is the greatest common factor of a and 265?
53
Let r = -320 + 384. What is the greatest common factor of 48 and r?
16
Suppose -311 = -7*l - 136. Suppose -5*d - 3*c = -c - 871, -3*d = 2*c - 521. What is the highest common factor of l and d?
25
Suppose 45*j = 58*j - 91. What is the highest common factor of 896 and j?
7
Suppose -44*c - 308 = -48*c. What is the highest common factor of 22 and c?
11
Suppose 0 = -g + 323 + 91. Let u = -230 + g. Suppose -18*a + 23 = -17*a. Calculate the greatest common factor of u and a.
23
Suppose 5*y + 49 = 5*r - 206, -y = 2*r + 39. Let k = y - -48. What is the highest common factor of 2 and k?
1
Let y = 134 + -105. Suppose 3*z = -l + 86, 0 = 3*z - 5*l + 10 - 102. What is the greatest common divisor of y and z?
29
Suppose 9*y - 2141 = 5734. Calculate the greatest common divisor of y and 105.
35
Suppose -3*v = v - 12. Let h(m) = -m**2 - 10*m - 9. Let o(g) = -1. Let w(c) = h(c) + 6*o(c). Let q be w(-8). Calculate the highest common factor of v and q.
1
Let s be (-4)/(-1 - 3) - 8. Let b = -1 - s. Suppose -u + b*u = 135. What is the highest common divisor of 243 and u?
27
Let a(v) = v**2 - 10*v + 8. Let l(q) = q - 2. Let g be l(8). Let j be a(g). Let h = j - -23. Calculate the highest common divisor of h and 35.
7
Let s(j) = j**3 - 5*j**2 - 3. Let c be s(5). Let r = 7 + c. What is the greatest common divisor of 44 and r?
4
Let x be (-24)/(-10) + 6/10. Suppose x = -k - 2. Let m be 7*k*6/(-15). What is the highest common factor of m and 14?
14
Suppose 3*d = o + 2*o - 15, -o - 5*d - 1 = 0. Suppose 2*q + 3*q - 135 = -2*n, -3*n - o*q + 199 = 0. What is the highest common divisor of n and 26?
13
Let f(z) = -143*z + 1058. Let g be f(6). What is the highest common factor of 32 and g?
8
Suppose -3*p - 3*u + 183 = 0, 0*u + u - 117 = -2*p. Suppose 0 = 2*o - 0*o + 3*h - 31, 3*o - 41 = h. What is the highest common divisor of o and p?
14
Let w(k) be the second derivative of -k**5/20 + k**4/2 - 2*k**3/3 + 17*k**2/2 - 24*k. Let x be w(5). Calculate the highest common divisor of x and 242.
22
Let s(o) = o**3 + 13*o**2 + 13*o - 49. Let k be s(-11). What is the greatest common factor of k and 2?
2
Suppose -41*p = -16*p - 8025. Calculate the greatest common factor of 107 and p.
107
Let d(m) be the third derivative of -m**6/120 + m**5/12 + 5*m**4/12 + 5*m**3/3 - 20*m**2. Let k be d(6). What is the highest common factor of 34 and k?
34
Suppose 32*j + 5*f = 35*j - 105, 2*j + 3*f = 89. What is the highest common divisor of j and 640?
40
Suppose 6*i + 1375 = 17*i. Calculate the greatest common divisor of i and 25.
25
Let g(q) = -4*q + 5 - 3 - 4 - 2. Let f(m) = -5*m - 5. Let d(j) = 3*f(j) - 4*g(j). Let x be d(4). Calculate the greatest common factor of x and 5.
5
Let v be (-1)/3 + (-363)/(-9). Let p(a) = 11*a**2 - 1. Let k be p(1). What is the greatest common factor of k and v?
10
Let i = -910 + 934. What is the highest common factor of i and 176?
8
Let x = 16 - -88. Suppose 8*o - x = 6*o. Calculate the greatest common factor of 13 and o.
13
Suppose -i = 4*t - 113, -3*t + 2*t - 274 = -3*i. What is the highest common factor of i and 3?
3
Suppose 5*a = 3597 - 397. What is the highest common divisor of a and 40?
40
Let p(a) = 4*a + 53. Let s be p(-12). Suppose o - 4*b = 96, 3*o = 2*b - s*b + 333. Calculate the greatest common divisor of o and 36.
36
Let z(d) = d**3 - 5*d**2 + 13*d - 29. Let f be z(4). What is the greatest common factor of 175 and f?
7
Suppose 149 - 961 = -29*h. What is the highest common divisor of 224 and h?
28
Suppose 0 = -d - 5*o + 14, -56 = -d - 3*d - 4*o. Let x(z) = -z**3 + 15*z**2 - 7*z - 18. Let r be x(d). Calculate the highest common factor of 10 and r.
10
Let w = 20 - 16. Suppose 4*g = -m - 2*m + 76, -5*g = -w*m + 60. Let h = m - -80. What is the highest common factor of h and 20?
20
Let j = -209 + 379. Suppose t - 79 = -3*l, 2*t + 0*t + 3*l - j = 0. Calculate the highest common factor of 13 and t.
13
Let l(o) = 21*o**3 - o + 1. Let a(y) = y**2 - 10*y + 17. Let c = 11 - 3. Let v be a(c). Let m be l(v). Calculate the greatest common factor of 3 and m.
3
Let g(o) = 2*o**2 - 6*o + 2. Let m be g(4). Suppose 5*y - 135 + 20 = 5*k, -y + 15 = -5*k. What is the highest common divisor of y and m?
5
Let f(c) = -3*c - 4. Let i be f(-5). Let s(j) = 2*j - 1 - j**2 - j - 2*j + i*j. Let r be s(8). Calculate the highest common divisor of 30 and r.
15
Let b = 229 - 191. Calculate the highest common factor of 38 and b.
38
Suppose 3*s - 3*f = -105, -2*f + 4*f = -2. Let z = 44 + s. What is the greatest common factor of z and 1?
1
Let p(j) = 11*j**2 + j + 2. Let u be p(-2). Let s be (-20)/(-1) - (-5 + 5 + -2). Calculate the greatest common divisor of s and u.
22
Suppose -3*v - v + 110 = -3*p, -5*v = -p - 132. Let k be (3*8/12)/(19/247). What is the highest common divisor of v and k?
26
Suppose 5*o = 15, 4*o + 511 = 3*b - 23. What is the highest common factor of b and 56?
14
Suppose 19*v = 21*v - 8. Suppose 5*q - 41 = v. Calculate the highest common divisor of 72 and q.
9
Let b = 867 + -1441. Let l = b + 859. What is the highest common factor of 114 and l?
57
Let p = 58 - -26. Let r be 0 + 7/((-14)/96). Let o = 69 + r. Calculate the greatest common factor of p and o.
21
Suppose -7*q = -10 - 4. Suppose -3*l = -q*z + 2*l + 19, 0 = -2*z - l + 1. Calculate the highest common factor of 1 and z.
1
Suppose 4*u = 4*z - 44, -5*z + 7 + 12 = 4*u. Let k = 93 - 37. What is the highest common divisor of k and z?
7
Suppose 4*g = 5*o + 519, 3*o + 5 + 4 = 0. What is the highest common divisor of g and 54?
18
Suppose -2*h = -3*h + 3, t - 2*h = -3. Suppose t*v - 4*y = 252, -3*y = 3*v - 5*y - 258. Calculate the highest common divisor of 33 and v.
11
Suppose 32*r - 2221 = 851. What is the greatest common divisor of 112 and r?
16
Let w = -61 + 76. Suppose 51 = q + w. What is the highest common divisor of 8 and q?
4
Suppose -9*t - 264 = -20*t. Calculate the greatest common divisor of t and 216.
24
Let b(o) = -o**3 + 7*o**2 + 7*o - 19. Let a be b(6). Calculate the greatest common factor of 1121 and a.
59
Let q(b) = 20*b**2 + 7*b. Suppose p + 5*l + 0 + 2 = 0, 4*l + 4 = -2*p. Let m be q(p). Let z = 549 + -384. What is the greatest common divisor of m and z?
33
Let d(z) = -z + 7*z + z**2 + 2 + 0. Let a be d(-6). Let f(r) = 11*r + 2. Let o be f(a). What is the highest common factor of 60 and o?
12
Let t be 9*(6/18 + 0). Calculate the highest common factor of 39 and t.
3
Let n = 1035 + -954. Suppose -i = 4*i - 45. What is the greatest common divisor of n and i?
9
Suppose p + 40 = 5*w + 2*p, 5*p - 53 = -4*w. Let k(m) = 2*m + 7. Let z be k(w). Calculate the highest common factor of 42 and z.
21
Let t = -1061 - -1229. What is the highest common factor of 120 and t?
24
Suppose 0 = 4*h + 3*v - 600, -2*h + 150 = -h + 4*v. Calculate the highest common factor of h and 20.
10
Suppose 41*q + 17430 = 71*q. Calculate the greatest common factor of q and 7.
7
Suppose g = -2*n + 68, 5*g - 5*n - 107 = 308. What is the highest common divisor of 24 and g?
6
Let c(t) = t + 2. Let g be c(1). Suppose -3*s = -2*h + 9, 5*h = 6*h - 2*s - g. What is the highest common divisor of h and 18?
9
Suppose 0 = -2*f + 2*r + 788, 350 = -3*f - 2*r + 1542. Calculate the greatest common divisor of f and 44.
44
Let g be (9/45*-12)/(2/(-875)). Calculate the greatest common divisor of 20 and g.
10
Let x = -140 - -252. Let z(y) = -y + 27. Let r be z(15). Suppose -10*k + r*k - 28 = 0. Calculate the greatest common factor of x and k.
14
Suppose 0 = 2*q + 5 + 37. Let p be q/42 + (-505)/(-2). What is the greatest common divisor of p and 28?
28
Let v(c) = -4*c - 13. Let j be 4*(-8)/((-24)/(-9)). Let p be v(j). Calculate the greatest common factor of p and 21.
7
Let l be -18 + -8 + 3 + 0. Let q = l + 11. Let v = 2 - q. Calculate the highest common divisor of 35 and v.
7
Let l = -82 + 78. Let i be (6600/54 - -4) + l/18. Suppose q = 3*f - f + 18, 5*f + 10 = 0. Calculate the greatest common factor of q and i.
14
Suppose 2*p = -3*u + 51, 0 = -5*p + 5*u - 0*u + 65. What is the highest common divisor of p and 36?
18
Suppose 0 = -21*p + 18*p + 990. Let c be -160*(-3 + -1)/8. Suppose 4*v + 5*k = 145, -2*v + k + c = 5*k. What is the greatest common divisor of p and v?
30
Let g(w